 14478?
2, 3, 19, 127
List the prime factors of 2.
2
List the prime factors of 5284.
2, 1321
What are the prime factors of 992?
2, 31
List the prime factors of 104960.
2, 5, 41
What are the prime factors of 1149?
3, 383
What are the prime factors of 2610?
2, 3, 5, 29
List the prime factors of 416.
2, 13
List the prime factors of 1531.
1531
List the prime factors of 7858.
2, 3929
What are the prime factors of 1644?
2, 3, 137
List the prime factors of 5928.
2, 3, 13, 19
List the prime factors of 31922.
2, 11, 1451
List the prime factors of 28392.
2, 3, 7, 13
List the prime factors of 2221.
2221
What are the prime factors of 2320?
2, 5, 29
What are the prime factors of 2290?
2, 5, 229
List the prime factors of 30118.
2, 11, 37
List the prime factors of 8435.
5, 7, 241
List the prime factors of 13225.
5, 23
What are the prime factors of 9280?
2, 5, 29
List the prime factors of 1398.
2, 3, 233
What are the prime factors of 472?
2, 59
What are the prime factors of 9900?
2, 3, 5, 11
List the prime factors of 125421.
3, 97, 431
What are the prime factors of 8807?
8807
List the prime factors of 1227.
3, 409
List the prime factors of 6243.
3, 2081
List the prime factors of 2506.
2, 7, 179
What are the prime factors of 2619?
3, 97
List the prime factors of 35080.
2, 5, 877
What are the prime factors of 22683?
3, 7561
List the prime factors of 1399.
1399
List the prime factors of 1963.
13, 151
What are the prime factors of 1156?
2, 17
What are the prime factors of 244?
2, 61
What are the prime factors of 14727?
3, 4909
List the prime factors of 9749.
9749
What are the prime factors of 1137?
3, 379
What are the prime factors of 12322?
2, 61, 101
List the prime factors of 582.
2, 3, 97
List the prime factors of 95788.
2, 7, 11, 311
What are the prime factors of 137905?
5, 27581
List the prime factors of 2067.
3, 13, 53
List the prime factors of 306.
2, 3, 17
What are the prime factors of 4143?
3, 1381
What are the prime factors of 28043?
29, 967
What are the prime factors of 41150?
2, 5, 823
List the prime factors of 194214.
2, 3, 32369
What are the prime factors of 10037?
10037
What are the prime factors of 2098?
2, 1049
What are the prime factors of 1436?
2, 359
List the prime factors of 23114.
2, 7, 13, 127
List the prime factors of 63804.
2, 3, 13, 409
List the prime factors of 3186.
2, 3, 59
What are the prime factors of 1009?
1009
What are the prime factors of 2910?
2, 3, 5, 97
List the prime factors of 603.
3, 67
What are the prime factors of 152199?
3, 1879
What are the prime factors of 3404?
2, 23, 37
List the prime factors of 60565.
5, 12113
What are the prime factors of 13787?
17, 811
List the prime factors of 22561.
7, 11, 293
What are the prime factors of 757?
757
List the prime factors of 23057.
23057
What are the prime factors of 27123?
3, 9041
What are the prime factors of 245?
5, 7
List the prime factors of 4672.
2, 73
List the prime factors of 10916.
2, 2729
List the prime factors of 78182.
2, 13, 31, 97
List the prime factors of 1022.
2, 7, 73
What are the prime factors of 116726?
2, 58363
What are the prime factors of 4681?
31, 151
List the prime factors of 1376.
2, 43
What are the prime factors of 936?
2, 3, 13
List the prime factors of 694.
2, 347
What are the prime factors of 3314?
2, 1657
What are the prime factors of 2339?
2339
What are the prime factors of 20268?
2, 3, 563
List the prime factors of 55666.
2, 13, 2141
List the prime factors of 1725.
3, 5, 23
List the prime factors of 58295.
5, 89, 131
List the prime factors of 2406.
2, 3, 401
What are the prime factors of 42430?
2, 5, 4243
List the prime factors of 574.
2, 7, 41
What are the prime factors of 7086?
2, 3, 1181
List the prime factors of 30850.
2, 5, 617
List the prime factors of 950.
2, 5, 19
List the prime factors of 814.
2, 11, 37
What are the prime factors of 61770?
2, 3, 5, 29, 71
What are the prime factors of 16835?
5, 7, 13, 37
What are the prime factors of 1821?
3, 607
List the prime factors of 3610.
2, 5, 19
What are the prime factors of 3230?
2, 5, 17, 19
What are the prime factors of 84221?
84221
What are the prime factors of 40173?
3, 7, 1913
List the prime factors of 888.
2, 3, 37
List the prime factors of 1112.
2, 139
What are the prime factors of 105?
3, 5, 7
List the prime factors of 14311.
11, 1301
List the prime factors of 15387.
3, 23, 223
List the prime factors of 965.
5, 193
What are the prime factors of 54887?
7, 7841
What are the prime factors of 2721?
3, 907
List the prime factors of 900.
2, 3, 5
List the prime factors of 86501.
86501
List the prime factors of 1321.
1321
List the prime factors of 1015.
5, 7, 29
List the prime factors of 35364.
2, 3, 7, 421
What are the prime factors of 26527?
41, 647
List the prime factors of 68257.
7, 199
What are the prime factors of 64481?
17, 3793
List the prime factors of 64990.
2, 5, 67, 97
List the prime factors of 17341.
17341
List the prime factors of 91478.
2, 53, 863
List the prime factors of 916.
2, 229
List the prime factors of 3646.
2, 1823
What are the prime factors of 237?
3, 79
What are the prime factors of 3913?
7, 13, 43
What are the prime factors of 545?
5, 109
List the prime factors of 1886.
2, 23, 41
What are the prime factors of 6193?
11, 563
What are the prime factors of 70032?
2, 3, 1459
List the prime factors of 3618.
2, 3, 67
List the prime factors of 1422.
2, 3, 79
List the prime factors of 1136.
2, 71
What are the prime factors of 5365?
5, 29, 37
List the prime factors of 6859.
19
List the prime factors of 176.
2, 11
List the prime factors of 2195.
5, 439
List the prime factors of 2601.
3, 17
What are the prime factors of 15532?
2, 11, 353
What are the prime factors of 214?
2, 107
List the prime factors of 56092.
2, 37, 379
List the prime factors of 3209.
3209
List the prime factors of 58719.
3, 23, 37
What are the prime factors of 978?
2, 3, 163
List the prime factors of 5777.
53, 109
What are the prime factors of 1513?
17, 89
What are the prime factors of 2504?
2, 313
What are the prime factors of 20262?
2, 3, 11, 307
List the prime factors of 31293.
3, 19, 61
List the prime factors of 1101.
3, 367
What are the prime factors of 54538?
2, 11, 37, 67
What are the prime factors of 53716?
2, 13, 1033
List the prime factors of 69678.
2, 3, 7, 79
List the prime factors of 36951.
3, 109, 113
List the prime factors of 739.
739
List the prime factors of 56642.
2, 127, 223
What are the prime factors of 5443?
5443
What are the prime factors of 19475?
5, 19, 41
List the prime factors of 37298.
2, 17, 1097
What are the prime factors of 1311?
3, 19, 23
What are the prime factors of 3172?
2, 13, 61
What are the prime factors of 152906?
2, 13, 5881
List the prime factors of 73466.
2, 109, 337
List the prime factors of 681.
3, 227
What are the prime factors of 1031?
1031
List the prime factors of 40817.
7, 17
List the prime factors of 1594.
2, 797
What are the prime factors of 23442?
2, 3, 3907
What are the prime factors of 6873?
3, 29, 79
List the prime factors of 2086.
2, 7, 149
What are the prime factors of 19986?
2, 3, 3331
List the prime factors of 83349.
3, 7
List the prime factors of 6543.
3, 727
What are the prime factors of 45667?
45667
List the prime factors of 9259.
47, 197
List the prime factors of 41568.
2, 3, 433
What are the prime factors of 38447?
38447
List the prime factors of 1987.
1987
List the prime factors of 62943.
3, 20981
What are the prime factors of 3798?
2, 3, 211
List the prime factors of 2982.
2, 3, 7, 71
What are the prime factors of 1198?
2, 599
What are the prime factors of 527?
17, 31
What are the prime factors of 5440?
2, 5, 17
List the prime factors of 1020.
2, 3, 5, 17
List the prime factors of 38452.
2, 9613
List the prime factors of 94684.
2, 23671
What are the prime factors of 72143?
19, 3797
List the prime factors of 140.
2, 5, 7
What are the prime factors of 80?
2, 5
What are the prime factors of 321?
3, 107
What are the prime factors of 1870?
2, 5, 11, 17
List the prime factors of 715.
5, 11, 13
List the prime factors of 218.
2, 109
List the prime factors of 4222.
2, 2111
What are the prime factors of 2872?
2, 359
List the prime factors of 4042.
2, 43, 47
What are the prime factors of 25307?
25307
What are the prime factors of 736?
2, 23
What are the p